ate the highest common divisor of 22 and 124683262.
22
Calculate the greatest common factor of 2760 and 9985.
5
Calculate the greatest common factor of 18 and 170515359.
9
What is the greatest common divisor of 113680 and 54172?
116
What is the greatest common factor of 151993590 and 60?
30
What is the highest common factor of 385270 and 23895?
295
Calculate the highest common divisor of 3428 and 42218391.
857
Calculate the highest common divisor of 3895602 and 42.
6
Calculate the highest common factor of 2973206 and 10.
2
What is the highest common divisor of 2173 and 820574?
41
Calculate the greatest common factor of 60 and 1998445.
5
Calculate the greatest common factor of 117 and 5383599.
39
Calculate the highest common factor of 1100 and 3097900.
100
Calculate the greatest common factor of 5934941 and 436.
109
Calculate the greatest common divisor of 136 and 3252406.
34
What is the greatest common divisor of 451735 and 83500?
835
Calculate the highest common divisor of 13943 and 373979.
73
Calculate the highest common factor of 3009 and 4479.
3
Calculate the greatest common divisor of 17063477 and 1076.
269
What is the greatest common divisor of 822 and 17916?
6
What is the highest common divisor of 34370004 and 552?
276
Calculate the greatest common factor of 340 and 2113304.
68
Calculate the highest common divisor of 8527971 and 4029.
237
What is the highest common factor of 34 and 11812161?
17
Calculate the greatest common divisor of 7568 and 126313.
11
What is the greatest common divisor of 1496 and 33385374?
22
Calculate the greatest common factor of 308425 and 214799.
169
Calculate the highest common factor of 111788005 and 35.
35
Calculate the highest common divisor of 382425 and 75.
75
Calculate the greatest common factor of 206073 and 5103.
63
What is the highest common divisor of 65705042 and 533?
533
What is the greatest common divisor of 10364608 and 2048?
64
Calculate the highest common divisor of 173320 and 1267712.
4952
Calculate the highest common divisor of 88560776 and 346.
346
What is the greatest common factor of 189 and 14259693?
21
Calculate the highest common factor of 2 and 1379606.
2
What is the greatest common divisor of 6436 and 200582767?
1609
What is the greatest common factor of 31186738 and 17629?
1037
Calculate the highest common divisor of 1270402 and 641690.
1442
Calculate the greatest common divisor of 37228 and 4542724.
908
Calculate the greatest common divisor of 58590 and 69585.
15
Calculate the greatest common factor of 80234313 and 15.
3
Calculate the highest common divisor of 1744480 and 115.
5
Calculate the highest common factor of 42175 and 108675.
175
Calculate the highest common factor of 1816650 and 48125.
275
What is the highest common factor of 305334 and 468?
18
Calculate the highest common factor of 193320 and 2064.
24
Calculate the highest common factor of 986117 and 67353.
1727
What is the highest common divisor of 13926 and 1779569?
11
Calculate the greatest common factor of 19040 and 18790.
10
Calculate the highest common factor of 310466 and 6604.
26
Calculate the highest common factor of 20196 and 74817.
459
What is the highest common factor of 54087 and 6099762?
447
What is the greatest common divisor of 1008 and 5519412?
36
Calculate the greatest common factor of 4750626 and 2976.
186
Calculate the highest common factor of 13 and 494219167.
13
What is the greatest common factor of 15874686 and 9018?
3006
What is the highest common factor of 141201 and 28069785?
4869
What is the greatest common divisor of 4079713 and 11?
11
What is the greatest common factor of 49032 and 1507507?
227
What is the highest common factor of 72463100 and 2700?
100
Calculate the highest common factor of 2910 and 6795238.
194
Calculate the greatest common factor of 131936 and 14096.
16
Calculate the greatest common factor of 34 and 409854173.
17
What is the greatest common divisor of 95 and 143144043?
19
What is the highest common factor of 64166160 and 85?
85
Calculate the greatest common divisor of 535106807 and 187.
17
Calculate the highest common factor of 1714249 and 33100.
331
Calculate the highest common factor of 5064 and 537528.
24
What is the highest common divisor of 1769779 and 4254569?
5071
Calculate the greatest common divisor of 1424 and 1819184.
16
What is the greatest common factor of 34463250 and 3816?
954
What is the greatest common divisor of 1230959 and 1424?
89
Calculate the highest common divisor of 36 and 5050832.
4
What is the greatest common factor of 811427 and 1104303?
1003
What is the greatest common divisor of 9815 and 53248640?
755
What is the highest common divisor of 21 and 185290308?
21
What is the highest common factor of 695 and 1733608?
139
Calculate the greatest common divisor of 1516995 and 577065.
255
What is the highest common factor of 34293 and 1145193?
483
What is the greatest common factor of 33168369 and 108777?
1077
Calculate the highest common divisor of 18678656 and 12.
4
Calculate the greatest common divisor of 1102827 and 1863.
69
Calculate the highest common factor of 293 and 28546697.
293
What is the highest common factor of 3542140 and 56?
28
Calculate the greatest common factor of 521 and 9214.
1
Calculate the highest common divisor of 21091369 and 193843.
6253
What is the highest common divisor of 82852 and 618695?
77
Calculate the greatest common divisor of 12505 and 1693970.
305
Calculate the greatest common divisor of 190188 and 424988.
2348
What is the highest common divisor of 218459758 and 17?
17
What is the highest common factor of 144 and 37536432?
48
Calculate the greatest common divisor of 84106556 and 166.
166
What is the greatest common factor of 1834344 and 744?
24
Calculate the greatest common factor of 324834456 and 848.
424
What is the greatest common divisor of 34 and 3346765418?
34
What is the greatest common divisor of 22332402 and 414?
414
What is the highest common divisor of 47998456 and 176?
88
What is the highest common factor of 64500 and 9304500?
1500
Calculate the greatest common divisor of 160736 and 11136.
32
Calculate the greatest common divisor of 861 and 1055463.
123
Calculate the highest common factor of 617038 and 214.
2
What is the greatest common divisor of 221 and 2586961?
13
What is the greatest common divisor of 67580 and 13868615?
545
Calculate the greatest common divisor of 71 and 20941308.
71
What is the greatest common factor of 2874 and 90259407?
1437
Calculate the highest common factor of 239732190 and 54.
54
What is the greatest common factor of 1043328 and 99066?
1254
What is the highest common factor of 117 and 164886?
3
Calculate the highest common factor of 9581886 and 1206.
18
What is the highest common factor of 14897806 and 245?
7
Calculate the greatest common divisor of 484 and 137467.
11
Calculate the highest common factor of 201115106 and 268.
134
What is the highest common divisor of 158925 and 18525?
975
What is the highest common factor of 1197913466 and 716?
358
What is the highest common divisor of 23872960 and 1830?
610
What is the highest common divisor of 16 and 435527696?
16
What is the highest common factor of 354192 and 7493924?
628
What is the highest common divisor of 419580 and 31995?
405
Calculate the highest common factor of 512 and 421776.
16
What is the greatest common factor of 2313275 and 13600?
425
Calculate the highest common factor of 3 and 5459009.
1
Calculate the highest common divisor of 11145 and 370575.
15
Calculate the highest common divisor of 4 and 1567628.
4
Calculate the highest common divisor of 264770 and 3770.
290
What is the greatest common factor of 9296 and 608639?
83
Calculate the greatest common divisor of 662300 and 40812.
716
What is the highest common factor of 84183 and 44?
11
Calculate the greatest common divisor of 8504783 and 79747.
4691
What is the highest common divisor of 20967 and 1758336?
723
What is the highest common factor of 19049 and 8135252?
443
Calculate the highest common factor of 73386 and 14491017.
1359
Calculate the greatest common divisor of 690 and 348913335.
345
What is the greatest common factor of 3554055 and 555?
15
What is the highest common factor of 432 and 603912?
24
What is the greatest common divisor of 1870 and 308